 Let q be s(14). Suppose -81 - 39 = -q*l. Calculate the highest common factor of 324 and l.
6
Suppose -37*t - 4267 - 5871 = 0. Let s = t - -291. What is the highest common factor of s and 51?
17
Let j be 8/(-6)*(-3)/2. Suppose 5*m + 11 + 67 = -g, -459 = 5*g + j*m. Let d = -83 - g. Calculate the highest common divisor of d and 10.
10
Suppose 16*q + 2269 = 2597 + 7544. What is the highest common factor of q and 2542?
82
Let s = -6782 - -6848. Calculate the highest common divisor of 330 and s.
66
Let b(f) = -20*f**3 + 5*f**2 - f - 16. Let u be b(-3). Let j = 159 - 107. Calculate the highest common factor of u and j.
52
Let t be -12 + 150 - (0 + (-1 - 3)). Suppose -3*w + 5*j + t = 0, w + j = 5*w - 195. Calculate the greatest common factor of w and 784.
49
Let u(f) = -38*f - 501. Let s be u(-14). Calculate the greatest common divisor of 4 and s.
1
Let k(i) = 10*i - 29. Suppose -24 = -4*x + 4*v, 4*v = -3*x + 2*v + 13. Let u be k(x). Calculate the highest common divisor of 7 and u.
7
Let v(y) = -16*y - 1414. Let k be v(-92). Calculate the greatest common divisor of 2494 and k.
58
Suppose 7*s = 5*t + 3*s - 358, 4*t + 5*s = 311. Suppose n - 7*m + 279 = -3*m, n + 3*m = -286. Let r = -98 - n. Calculate the highest common divisor of t and r.
37
Let f(v) = -362*v - 2. Suppose -12*m - 4 = -13*m. Let o be f(m). Let n be (-2)/8 + (o/(-8))/5. Calculate the highest common divisor of 4 and n.
4
Let y = -173 + 198. Suppose 6*j + 19 = y. What is the highest common divisor of 13 and j?
1
Suppose 5*u - 4*g - 9 - 10 = 0, -3*g = -5*u + 18. Suppose 0 = -u*l + l - 4*s + 54, -4*s + 21 = l. Calculate the highest common divisor of 44 and l.
11
Suppose 22*z - 778 - 13 = -21. Let d = 18 + -11. Suppose -d*a + 56 = -3*a. What is the highest common divisor of z and a?
7
Suppose -15*j + 11 - 11 = 0. Suppose 10*k - 7*k - 204 = j. What is the greatest common divisor of 255 and k?
17
Let u(h) = 23*h**2 - 282*h - 68. Let n be u(13). Suppose -1 = 3*v + 8, 1014 = 4*p + 2*v. What is the highest common divisor of n and p?
51
Let f = 1511 - 1426. Let d = -10 + -25. Let o be ((d - -1)/1)/(-2). Calculate the highest common factor of f and o.
17
Suppose -3*a - 147 = -5*u, -3*u - 3*a + 72 = 3. Suppose 2*y - 30 = 3*g, -y - g + 8 = -2. What is the greatest common divisor of y and u?
3
Let z(n) = n - 52. Let s(y) = y - 51. Let m(g) = 3*s(g) - 4*z(g). Let d be m(-23). What is the greatest common factor of d and 130?
26
Let x = -91 - -213. Suppose -4 = -4*v, -4*b = -11*v + 13*v - x. What is the highest common factor of b and 60?
30
Let y be 6/(-16)*-2*(231 - 199). Let l be y*(-2 + (-56)/(-16)). Calculate the highest common divisor of 81 and l.
9
Suppose -368 = -3*w - 5*w. Suppose -3*d + w + 89 = 0. Let y = 30 + -21. Calculate the highest common divisor of d and y.
9
Let u = -12 + 17. Suppose -u*f + 8 + 17 = 0. Suppose 0 = -f*c - i + 220, 2*c = c + 3*i + 44. Calculate the greatest common divisor of c and 11.
11
Let b(c) = -34*c + 644. Let z be b(11). Calculate the greatest common factor of 585 and z.
45
Let o = 6003 - 3283. What is the greatest common divisor of 816 and o?
272
Let f = 140 + -130. Suppose -5*n = k - 560, -5*k + 3*n + 0*n = -2744. What is the greatest common divisor of f and k?
10
Let o be 1 + -95 + (-276)/46. Let n be 4*1/(-6) - o/6. Calculate the greatest common factor of 240 and n.
16
Suppose -84 = -2*g + 36. Let t be 2/(-7) - (2568/(-21) - -22). Calculate the greatest common factor of t and g.
20
Let n = -6797 - -6811. Calculate the greatest common divisor of n and 581.
7
Let a be 2*15/24*(251 + 1). Let z = -225 + a. Calculate the highest common factor of z and 210.
30
Let l be (3 - 9) + (909 - -9). Let y be 2/((-2724)/l - -1*3). Calculate the greatest common divisor of 8 and y.
8
Let g be 4 - 8384/(-40) - 4/(-10). Suppose g + 398 = 3*z. Calculate the greatest common factor of z and 12.
12
Let o(k) = k**2 - 2*k - 22. Let g be o(8). Suppose g*i - 5890 = -5*i. Suppose 4 = -f, 0 = -x - 4*f - f - 10. What is the highest common divisor of x and i?
10
Let p be 855/20 + 15/12. Let b be 376/20 + p/(-55). Calculate the greatest common divisor of b and 4.
2
Let v = 267 - 105. Suppose 4*n + 2*p = v, 5*p + 19 = n - 5. Suppose 2*o - 3*d - n = 2*d, 4*d - 81 = -5*o. Calculate the highest common divisor of 17 and o.
17
Suppose 33*l - 15651 - 24939 = 0. Calculate the greatest common factor of 50 and l.
10
Suppose 0 = -z + 108 - 76. Let c(w) = -w**3 + 33*w**2 - 25*w - 14. Let v be c(z). Suppose 70 = 4*j - 14. Calculate the greatest common divisor of v and j.
21
Let t = 3 + -1. Let n(j) be the first derivative of -3*j**2 - 92*j + 65. Let i be n(-18). Calculate the highest common factor of i and t.
2
Suppose -3*b + 32*b - 174 = 0. Suppose 6*i + b*i = 528. Calculate the greatest common divisor of i and 22.
22
Let l(k) = 309*k - 981. Let r be l(4). Calculate the greatest common factor of r and 663.
51
Let o = -78 - -8. Let j = 3636 - 3544. Let v = o + j. What is the highest common factor of 44 and v?
22
Let s = -25280 - -25397. Calculate the greatest common factor of s and 975.
39
Let i be -4 + (-2 + (-2)/(-1) - 2). Let t(s) = 11*s + 70. Let g be t(i). Suppose -b - 2*b = -24. Calculate the greatest common divisor of b and g.
4
Suppose -201 = -2*h - 729. Let u = h - -270. Calculate the greatest common divisor of u and 33.
3
Suppose -4 = d - 2*j, 5*j - 20 = 5. What is the greatest common factor of 3054 and d?
6
Suppose -5*u + 78 = -0*u - 3*i, 0 = -3*u - i + 58. Suppose -g - 16 + 18 = 0. Suppose g*h = 14 - 10. Calculate the greatest common divisor of h and u.
2
Let t be 36/21*(31 + -10). Suppose t*g - 14*g - 31328 = 0. What is the highest common factor of g and 89?
89
Suppose 0 = i + v - 13, 0*i + 4*v = i - 3. Suppose 90*r = 85*r - 1240. Let y = -226 - r. What is the greatest common factor of y and i?
11
Let y(x) = -78*x - 280. Let d be y(-8). Let g(m) = 2*m**2 - 4*m + 7. Let z be g(-6). Let q = z - 60. What is the greatest common factor of d and q?
43
Let d(c) be the second derivative of 37*c**3/6 - 37*c**2/2 + 7*c - 7. Let b be d(2). What is the highest common divisor of b and 296?
37
Let b = 40400 + -40398. Let j(g) = g**2 + 7*g + 4. Let d be j(-7). Calculate the highest common divisor of b and d.
2
Let h be (2454 - (10 - 7))/(3/7). What is the highest common divisor of 133 and h?
133
Let i(v) = -232*v + 355. Let q be i(-2). Calculate the greatest common divisor of q and 189.
63
Let v = 297 + -293. Suppose 3*u + v*x = 62, 4 = 3*u - 5*x - 13. What is the highest common factor of u and 14?
14
Suppose -3*b - 56 = -4*b. Suppose 24*o + 646 = 43*o. Suppose -35*i = -o*i - b. Calculate the greatest common divisor of i and 8.
8
Let r = 198 - 174. Let w be ((-1)/5 - -3)/(r/180). Calculate the highest common divisor of 112 and w.
7
Let z = -1415 - -1280. Let w be ((-365)/2)/((-2)/4). Let m = z + w. What is the highest common factor of m and 46?
46
Let k be (-35)/(-2 + 7) - -3. Let r be 3 + 0 + (-1036)/k + -1. Calculate the greatest common factor of r and 9.
9
Let k be -4*(8 - (-234)/(-24)). Calculate the greatest common factor of 119 and k.
7
Let t = -1397 + 2621. Suppose 3*x - x - 809 = v, -2*v + t = 3*x. Calculate the greatest common factor of 14 and x.
14
Let b = -21 - -95. Let g(p) = 26*p + 730. Let v be g(-28). Calculate the greatest common factor of b and v.
2
Suppose -293 + 2093 = 12*f. Calculate the highest common factor of f and 1750.
50
Let z = -6 + 6. Suppose z = -16*i + 24*i - 240. Let h(s) = 3*s**3 - 2*s**2 + 5. Let r be h(5). Calculate the greatest common divisor of r and i.
30
Let w(p) = 45*p - 169. Let z be w(4). What is the greatest common factor of 3047 and z?
11
Suppose l = 2*g + 16, 2*l + 4 = -4*g - 4. Suppose -6*y + 12 = -l. Suppose 5*o = -y*o + 144. Calculate the greatest common divisor of o and 30.
6
Let u be ((-552)/(-9))/46 + 586/6. What is the highest common divisor of 121 and u?
11
Suppose 15025 = 7*v + b, 0 = -5*v - 5*b + 5496 + 5249. Calculate the highest common divisor of v and 370.
74
Let r be -3*(-3 + (-28)/(-12)). Let h be 24 + (4 + -8)/r. Let k be -2 - (5*-7 - 0). Calculate the greatest common divisor of h and k.
11
Suppose -23*m + 5*x - 310 = -18*m, 2*m + 118 = 4*x. Let v = -28 + -52. Let a = m - v. Calculate the highest common factor of 165 and a.
15
Let a = 40583 + -341